 digit of 670325914?
9
What is the ten millions digit of 679335700?
7
What is the ten millions digit of 24749608?
2
What is the thousands digit of 392026649?
6
What is the billions digit of 1943566592?
1
What is the thousands digit of 613775015?
5
What is the units digit of 51995416?
6
What is the hundred millions digit of 2019034280?
0
What is the hundred millions digit of 461477987?
4
What is the ten thousands digit of 63925852?
2
What is the hundreds digit of 342284903?
9
What is the hundred millions digit of 226240014?
2
What is the thousands digit of 14987812?
7
What is the ten millions digit of 46806038?
4
What is the millions digit of 295173225?
5
What is the tens digit of 132203259?
5
What is the hundred thousands digit of 14357139?
3
What is the thousands digit of 101995307?
5
What is the ten thousands digit of 307604071?
0
What is the hundreds digit of 74642517?
5
What is the millions digit of 1283321684?
3
What is the millions digit of 284729512?
4
What is the billions digit of 1532691504?
1
What is the tens digit of 525799048?
4
What is the hundreds digit of 1903621120?
1
What is the hundreds digit of 5703547535?
5
What is the units digit of 51925733?
3
What is the hundreds digit of 67259236?
2
What is the thousands digit of 632140860?
0
What is the ten thousands digit of 4059544556?
4
What is the thousands digit of 1534993810?
3
What is the tens digit of 5970790?
9
What is the hundreds digit of 59094694?
6
What is the hundred thousands digit of 253454004?
4
What is the thousands digit of 35031144?
1
What is the ten thousands digit of 3242181694?
8
What is the millions digit of 319598675?
9
What is the ten thousands digit of 124308089?
0
What is the tens digit of 5373832?
3
What is the thousands digit of 533882485?
2
What is the ten millions digit of 4820756830?
2
What is the ten millions digit of 134093410?
3
What is the thousands digit of 6966866641?
6
What is the hundred thousands digit of 371974388?
9
What is the ten thousands digit of 75602489?
0
What is the hundreds digit of 5308152147?
1
What is the thousands digit of 168929755?
9
What is the units digit of 186416340?
0
What is the thousands digit of 1399793838?
3
What is the ten thousands digit of 1121997025?
9
What is the ten millions digit of 12614643?
1
What is the tens digit of 852868468?
6
What is the millions digit of 34513553?
4
What is the hundred thousands digit of 28037497?
0
What is the ten millions digit of 89970884?
8
What is the hundreds digit of 302329163?
1
What is the ten millions digit of 4592428838?
9
What is the ten millions digit of 195566188?
9
What is the hundred thousands digit of 40307161?
3
What is the units digit of 275756980?
0
What is the thousands digit of 3865254898?
4
What is the thousands digit of 69347593?
7
What is the units digit of 183872884?
4
What is the thousands digit of 498466448?
6
What is the units digit of 5310420?
0
What is the units digit of 123661957?
7
What is the hundreds digit of 405725347?
3
What is the ten millions digit of 519583336?
1
What is the tens digit of 18772172?
7
What is the units digit of 110880966?
6
What is the hundred thousands digit of 10403442?
4
What is the units digit of 1590706765?
5
What is the hundred thousands digit of 425699079?
6
What is the ten thousands digit of 3703574468?
7
What is the millions digit of 176652268?
6
What is the thousands digit of 47698606?
8
What is the tens digit of 83591657?
5
What is the hundred thousands digit of 1382376431?
3
What is the millions digit of 127797939?
7
What is the thousands digit of 31354240?
4
What is the units digit of 317449745?
5
What is the tens digit of 127992414?
1
What is the hundred thousands digit of 2700458417?
4
What is the thousands digit of 1524729448?
9
What is the tens digit of 59168889?
8
What is the thousands digit of 296628?
6
What is the hundred millions digit of 2610227306?
6
What is the millions digit of 2426795846?
6
What is the hundred millions digit of 1201847995?
2
What is the millions digit of 130049751?
0
What is the units digit of 8057152?
2
What is the ten thousands digit of 72408091?
0
What is the tens digit of 4410531964?
6
What is the units digit of 238348689?
9
What is the hundred thousands digit of 3001776022?
7
What is the hundreds digit of 782761549?
5
What is the hundred millions digit of 1729467724?
7
What is the thousands digit of 142019047?
9
What is the millions digit of 194046265?
4
What is the hundred thousands digit of 394133216?
1
What is the units digit of 1271797419?
9
What is the hundred thousands digit of 58955475?
9
What is the hundred thousands digit of 50635643?
6
What is the thousands digit of 327543262?
3
What is the ten millions digit of 131083486?
3
What is the hundred millions digit of 6176585977?
1
What is the units digit of 2612621035?
5
What is the hundred millions digit of 3315715568?
3
What is the ten thousands digit of 25052908?
5
What is the units digit of 6930399863?
3
What is the millions digit of 22672225?
2
What is the hundred millions digit of 165198742?
1
What is the ten thousands digit of 402601058?
0
What is the thousands digit of 4317724659?
4
What is the tens digit of 73217039?
3
What is the units digit of 156452727?
7
What is the ten thousands digit of 187900757?
0
What is the ten millions digit of 90624581?
9
What is the hundred thousands digit of 101319054?
3
What is the millions digit of 6998336?
6
What is the units digit of 38482214?
4
What is the hundred thousands digit of 973119744?
1
What is the thousands digit of 122825162?
5
What is the hundred thousands digit of 1430108500?
1
What is the units digit of 97400503?
3
What is the hundred millions digit of 194577636?
1
What is the millions digit of 81271159?
1
What is the units digit of 948444731?
1
What is the hundreds digit of 2164296742?
7
What is the millions digit of 171584359?
1
What is the hundred millions digit of 303702830?
3
What is the tens digit of 1332681367?
6
What is the ten millions digit of 626224588?
2
What is the units digit of 44683896?
6
What is the millions digit of 23421461?
3
What is the units digit of 441229988?
8
What is the ten millions digit of 2560049215?
6
What is the hundreds digit of 26238463?
4
What is the ten thousands digit of 438748601?
4
What is the hundred millions digit of 880658158?
8
What is the thousands digit of 1790396264?
6
What is the ten millions digit of 16994452?
1
What is the hundreds digit of 71651166?
1
What is the hundred thousands digit of 85099953?
0
What is the tens digit of 3658768334?
3
What is the hundred millions digit of 1177040801?
1
What is the tens digit of 55153507?
0
What is the ten millions digit of 95648444?
9
What is the hundred millions digit of 159887053?
1
What is the thousands digit of 4978384540?
4
What is the ten thousands digit of 91041985?
4
What is the units digit of 451530727?
7
What is the tens digit of 2756144757?
5
What is the hundred millions digit of 294857749?
2
What is the hundred millions digit of 334899546?
3
What is the hundred thousands digit of 16097295?
0
What is the tens digit of 163699709?
0
What is the ten thousands digit of 495487819?
8
What is the units digit of 853904766?
6
What is the hundreds digit of 2332303?
3
What is the hundreds digit of 140866169?
1
What is the ten millions digit of 460979188?
6
What is the thousands digit of 848674316?
4
What is the tens digit of 2171065911?
1
What is the hundred thousands digit of 707404939?
4
What is the units digit of 138811330?
0
What is the ten thousands digit of 915172159?
7
What is the hundred thousands digit of 529876767?
8
What is the ten millions digit of 27434894?
2
What is the thousands digit of 461349568?
9
What is the hundred thousands digit of 278864880?
8
What is the units digit of 656790300?
0
What is the hundred millions digit of 402107576?
4
What is the hundreds digit of 203087072?
0
What is the units digit of 13293827?
7
What is the millions digit of 102369754?
2
What is the ten thousands digit of 81992048?
9
What is the ten thousands digit of 180001008?
0
What is the tens digit of 562650028?
2
What is the hundreds digit of 82520614?
6
What is the hundred thousands digit of 102060955?
0
What is the hundreds digit of 516985528?
5
What is the hundreds digit of 350989